k(w) = -w. Let o(i) = -8*i + 2. Let n(y) = -k(y) + o(y). Let d be (-5)/(2/4*-1). Let t be (-8)/d*5/(-2). Give n(t).
-12
Let b(i) be the third derivative of -i**6/120 + i**5/10 - i**4/6 + 2*i**3/3 - 20*i**2 + 2*i. Determine b(5).
9
Let b(w) = 2*w**2 - 67*w + 308. Let t be b(28). Let a(o) be the second derivative of 2*o + 1/6*o**3 + t + 0*o**2. Calculate a(-5).
-5
Let n(l) = 0*l - 130 + 2*l + 128. Give n(6).
10
Let a(p) = p**2 - 7*p - 6. Let r(h) = -3*h**2 + 14*h + 30. Let n be r(6). Calculate a(n).
-12
Let w = 22 + -16. Let j(k) = -32*k + 23*k - 2 + k**2 + k**3 + w*k**2. Let v be j(-8). Let t(i) = i - 5. What is t(v)?
1
Let q(g) = 0 + 51 + 2*g - 2 - 11*g + 6. Give q(6).
1
Let w be -4 + -3*(-30)/(-9). Let v(d) = 2*d + 25. Let i be v(w). Let k(t) = -t**3 - 3*t**2 + t + 2. Determine k(i).
-1
Let h(u) = 0*u + 8 + 135*u**2 - u + 142*u**2 - 278*u**2. Give h(0).
8
Let w(x) = -4*x**2 + 0 + 105*x + 3*x**2 + 8 - 116*x - 3. Determine w(-11).
5
Let l(s) = 3*s**2 - 3*s - 7. Let j(r) = -4*r**2 + 4*r + 7. Let x(w) = 4*j(w) + 5*l(w). Let a(z) = -z**2 - 2*z + 3. Let f be a(-3). Calculate x(f).
-7
Let o(t) = 10*t**2 - 1. Let d be o(1). Let c(q) be the first derivative of 1/4*q**4 + d + 5/3*q**3 + 1/2*q**2 - 4*q. Determine c(-5).
-9
Let k(r) be the third derivative of r**6/60 + r**5/20 + r**4/8 + r**3/2 + 12*r**2. Let n be (-4 + 2 - -4)*-1. Calculate k(n).
-7
Let t be 13 + -5 - (-1 - -5). Suppose 8 = 2*l - 2*q, -t = 2*l - 4*l - 2*q. Suppose l*d + d = 4. Let m(j) = 7*j - 1. Give m(d).
6
Suppose 0 = -3*t + 9*x - 7*x - 32, 2*x = 2*t + 24. Let u(y) = y**3 + 9*y**2 + 6*y - 6. Calculate u(t).
10
Let a(q) = 3*q**2 + 23*q + 44. Let z be a(-3). Let b(u) be the third derivative of 0*u - 1/24*u**4 + 0 + 13/6*u**3 - 7*u**z. Give b(0).
13
Let f(h) = 16*h - 15. Let x(w) = -3*w + 3. Let n(o) = -4*f(o) - 22*x(o). Determine n(5).
4
Let y(q) = -q**3 - 2*q + 1. Let s(r) = 4*r**3 - r**2 + 6*r - 7. Let t(a) = s(a) + 3*y(a). Determine t(-3).
-40
Let j be 2 - (-8 - -2 - -2). Let p(f) = 2*f - 9. Let a be p(j). Let y(i) = 7 - 7*i + a*i**2 - 3*i**2 + i**2. Determine y(6).
1
Let i(m) = 14. Let v(b) = b + 80. Let f(r) = -34*i(r) + 6*v(r). Determine f(-5).
-26
Let n(a) = -3*a + 3. Let f be n(-3). Suppose 0 = 2*r - 8, 5*r = 4*q + 2*r - f. Let x(p) = p**3 - 7*p**2 + 6*p - 3. Give x(q).
-3
Let x(w) be the third derivative of 3*w**6/40 - w**5/30 - w**4/12 - w**3/6 + 659*w**2. Give x(-1).
-10
Let m(q) = -q**2 - 4*q + 0 + 2 + 10 - 6. Let z(w) = -w**2 - 2*w + 6. Let h(l) = -5*m(l) + 4*z(l). Give h(-13).
7
Let k = -24 + 27. Suppose t + 0 - k = 0. Suppose -t*b + q = b + 21, 5*b + q = -24. Let c(w) = -w - 4. Determine c(b).
1
Let j be (-14)/(-6)*(-120)/(-140). Let k be -4 + (2 - 1 - -1). Let n(q) = q**2 - q + 1. Let h(v) = -v**2 + 3*v - 4. Let o(i) = k*n(i) - h(i). Give o(j).
-4
Let f = -17 + 13. Let s(d) = 5*d**2 - 17*d. Let u(o) = 11*o**2 - 36*o + 1. Let c(l) = 13*s(l) - 6*u(l). Determine c(f).
-2
Let g(m) = m - 4. Let u be (-537)/15 + 4/5. Let h be u*(44/(-10) - -4). Suppose 10*r - h*r = 0. Give g(r).
-4
Let m be 14 - (-5)/(-4 + -1). Let s = m - 18. Let i(z) = -z**3 - 4*z**2 + 5*z - 2. Give i(s).
-2
Let a(q) = 588*q**3 - 589*q**3 - 1 + q**2 + 0*q - q. Let o(t) = 4*t**3 + 2*t**2 - 4*t - 3. Let z(y) = 3*a(y) - o(y). Give z(-1).
7
Suppose 0 = -0*m + m - 6. Suppose -15 = -m*t + 3*t. Let f(v) = -3*v + t*v - v + 4 - 4*v. Give f(5).
-11
Let w(s) = 3*s - 7. Let y(z) = -10*z + 20. Let a(c) = -7*w(c) - 2*y(c). What is a(9)?
0
Let f(n) = 2*n**2 + n - 4. Let i = 18 - 7. Suppose 0 = b - 0*b - i. Suppose 6 = 9*u - b*u. Give f(u).
11
Let u(v) = -v**3 + 7*v**2 - 7*v - 2. Let j(z) = 21*z - 37. Let y be j(2). Give u(y).
13
Let h(g) be the first derivative of -g**4/2 + 2*g**3 + g**2/2 - 5*g - 828. Determine h(4).
-33
Let f(o) = 4*o**2 - 74*o - 116. Let t(d) = -3*d**2 + 49*d + 79. Let h(c) = 5*f(c) + 7*t(c). Determine h(-26).
-1
Let w(u) = -2*u - 16. Suppose 0 = -0*m - m - 3*r + 4, -2*r - 8 = 2*m. Let j be w(m). Let b(v) = -v**2 + 39 + j*v - 2*v - 37. Calculate b(2).
-6
Let f(n) = 0*n - 5 + 3 - n. Suppose -3 = 3*u - 3*r - 9, -2*u = -4*r + 4. Let a = -11 + u. Calculate f(a).
3
Let g(l) = -l**2 + 2*l + 5. Let z be g(2). Suppose 4*d - 24 = -5*b, z*b = -d - 0*d + 6. Let j(y) = -2*y + 3 - 6*y**2 - 4*y**3 + 5*y**3 + 3. What is j(d)?
-6
Let w be (7 - -1 - 16) + (-6)/(-3). Let x(s) be the third derivative of -s**6/120 - 7*s**5/60 - 5*s**4/24 + s**3/3 + s**2. Determine x(w).
-4
Let k(c) = 4*c**2 - 8*c - 7. Let t(f) = f**2 - 1. Let a(n) = -k(n) + 3*t(n). Let b be a(8). Let v(q) = b - 3*q**2 - 2*q + 6*q + 2*q**2. Give v(3).
7
Let o = -10 + 23. Let j = 15 - o. Let z(r) = 0*r**2 - j + 10*r**2 + 3*r**2 - 12*r**2. Give z(2).
2
Let k(t) = t**3 + 6*t**2 - 2. Let y = -2 + 26. Suppose f = 5*f + y. What is k(f)?
-2
Let f(p) = -p**3 - 6*p**2 + 2*p - 7. Let b be -1 - (1 - 4)*-2. Give f(b).
28
Suppose -4*n + 13 - 1 = 0. Suppose -40 + 16 = -n*x. Let f be ((-9)/(-3))/(3/x). Let s(g) = -g**3 + 7*g**2 + 7*g + 4. Calculate s(f).
-4
Let l(f) = f**3 + 15*f**2 + 5*f - 16. Let u(j) = j**3 + 14*j**2 + 6*j - 14. Let a(x) = 5*l(x) - 6*u(x). What is a(-8)?
28
Let h(q) be the first derivative of -q**3 - 7*q**2 - 4*q - 256. Calculate h(-3).
11
Let p(y) = y**3 - 6*y**2 - 8*y. Let o(s) = -2*s**3 - s**2 - 5*s + 7. Suppose -5 + 5 = 6*c. Let j be o(c). Determine p(j).
-7
Let c be (-2)/((6/9)/1). Let y be (-2 + 2)/(c - -5). Let p(d) = -d**3 - d**2 + d - 6. Let s be p(y). Let l(j) = j**3 + 7*j**2 + 8*j + 5. Give l(s).
-7
Let l(j) be the first derivative of -61*j**4/4 + 2*j**3/3 - j + 539. What is l(1)?
-60
Let h = -7 + 9. Suppose -2*m - h = -g - 4, -2*g + 20 = 4*m. Let i(z) be the second derivative of -z**5/20 + 5*z**4/12 - z**3 + 4*z. Give i(g).
-8
Let b(n) = n**2 + 13*n - 19. Let a be b(-14). Let h(v) = 2*v + 1. What is h(a)?
-9
Let f(r) = r**3 - 5*r**2 + 3*r - 7. Let c = -251 - -256. Determine f(c).
8
Let n(q) = -q**3 + 9*q**2 - 5*q - 12. Let c = -954 + 962. Determine n(c).
12
Suppose 5*m - 3*d = 6, -4*m = -3*m + 3*d + 6. Let j(y) be the second derivative of -1/2*y**2 - y**3 - 1/12*y**4 + m + 8*y. Calculate j(-4).
7
Suppose 32*o - 33*o + 11 = 0. Let i(b) = -4*b**2 + o*b**2 + b**3 + 4*b - 4*b**2 + 3 - b**2. Let g be ((-1)/(-2))/((-2)/8). Give i(g).
-5
Let h = 4 + -10. Let l(g) = -g**2 + 5*g - 4. Let f be l(3). Let z(p) = 0*p**3 - 7 - p**f - 5*p**2 - 2*p - p**3. Calculate z(h).
5
Let b(j) be the third derivative of 0*j + 0*j**3 + 5*j**2 - 5/24*j**4 + 0. Let r be 1/2 + 3/2. Calculate b(r).
-10
Let d(n) = 5*n**2 + 18*n - 3. Let p(u) = 4*u**2 + 17*u - 2. Let o(x) = -5*d(x) + 6*p(x). Calculate o(11).
14
Let t(h) be the first derivative of -h**3/3 + 2*h**2 + h - 441. Suppose 2*m + 4*s - 15 = -1, -5*m - 5*s + 25 = 0. Calculate t(m).
4
Let k(z) be the second derivative of -z**4/12 - 7*z**3/6 + 2*z**2 - 9*z. Suppose 4*r + 144 = -14*r. What is k(r)?
-4
Let b(z) = -z + 5. Suppose -2*u + 57 = u. Suppose 3*r - 53 = -5*h - u, -3*r - h = -26. Let a(d) = -d**3 + 9*d**2 - 7*d - 2. Let k be a(r). What is b(k)?
-1
Suppose -4*o + 4 + 0 = 5*s, -5*o = -5*s + 40. Let y(k) = -2*k**2 - s*k + 2*k**3 - 18 + 16 - k**3. What is y(4)?
14
Let j(o) = o**3 + 3*o**2 - 5*o - 2. Let h be (17 - (-2 - -5)) + (7 - 3). Let u = h - 22. Determine j(u).
2
Let h(q) = -q**2 + 6*q - 2. Suppose -5*c = -83 + 58. Calculate h(c).
3
Let d(t) = t**2 - 19*t + 22. Let x be d(18). Suppose 0*l - 76 = -x*l. Let q(h) = 2 + h**3 + h + l*h**2 - 24*h**2 - 2*h. Give q(4).
-18
Let j(t) = -14*t**2 - 26*t - 20. Let n(b) = -5*b**2 - 9*b - 7. Let f(w) = -4*j(w) + 11*n(w). Determine f(-2).
-3
Let g = -122 + 127. Suppose 2*i + 14 = -g*b, -i - 2*i = 3*b + 3. Let p(a) = -a**3 + 3*a - 2. Calculate p(i).
-20
Let g be 6 + (9/(-4) - 15/20). Let q = -5 - -5. Let p(f) = -5*f + q - 2*f - 1 + g*f. Determine p(-1).
3
Let k = -318 - -313. Let y(j) = j**2 + 6*j - 1. Calculate y(k).
-6
Let z be (1 - 0)*(-19 + -5)/(-6). Let j(u) = 4*u**2 + z*u - 3*u**2 - 25 + 49 - 16. Give j(-6).
20
Let r(g) = 4*g**2 - 6*g + 11. Let c(a) = -3*a**2 + 7*a - 10. Let f(t) = -5*c(t) - 6*r(t). Let q(z) be the first derivative of f(z). Calculate q(1).
-17
Let z(q) = -2*q**2 - q + 6. Let m be 4/6*135/(-30). Let t be z(m). Let o(h) = -h**2 - 9*h - 6. What is o(t)?
-6
Let y(r) be the first derivative of -r**3/3 - 2*r**2 - 2*r + 125. Give y(-5).
-7
Let w = 8467 - 8